y x?
9
Let y = -2026 + 2128. What is the remainder when y is divided by 5?
2
Let p be 18390/20*1*4/3. Suppose 5*n = p - 291. Suppose 0 = 3*g + 9, 4*c = -3*g + 48 + n. Calculate the remainder when c is divided by 18.
7
Let t(o) = o**3 - 2*o**2 - 6*o - 4. Suppose 29*x - 5395 = 42*x. Let m = x - -436. Calculate the remainder when t(5) is divided by m.
20
Let q be (87/29*1/(-1))/((-33)/638). Let l = 122 + -176. Let y = l + q. Calculate the remainder when 17 is divided by y.
1
Let u(n) = -432*n + 4444. What is the remainder when 378 is divided by u(10)?
6
Let p(t) = 7*t - 9. Calculate the remainder when 975*(70/21 - 3) is divided by p(13).
79
Let y be (3 + -1)/4 - 108/(-8). Suppose y + 13 = 3*f. Suppose -10*d + 21 = -f. What is the remainder when 10 is divided by d?
1
Suppose k + 4*k - 90 = 0. Let m(s) = -11*s - 574. Let b be m(-49). Let p(h) = -h**3 - 36*h**2 - 35*h + 32. Calculate the remainder when p(b) is divided by k.
14
Suppose 2*m = -w + 83, 7*w + 52 = m + 4*w. Suppose -2*u - 3*d = -0*u - 3, 3*u = 5*d - m. What is the remainder when 47 is divided by (-118)/(-12) + u/(-36)?
7
Let i = -4736 + 4943. What is the remainder when i is divided by 196?
11
Suppose 17905 = 28*g + 4745. Let n = g - 463. Let f(x) = 23*x**2 + 1. What is the remainder when f(-1) is divided by n?
3
Suppose 25*b = 4*h + 28*b - 323, 5*h - 3*b - 424 = 0. Suppose 3*s = 2*i - 39, s - 5 = 5*i - h. Calculate the remainder when 281 is divided by i.
11
Let k(r) = r**3 + 10*r**2 - 5*r + 8. Let s be k(-7). Let j = s + -151. Calculate the remainder when j is divided by 34.
5
Suppose 3*h - 216 = -h. Let y be 20/90 - (-50)/18. Suppose -2*i + 145 = y*i. What is the remainder when h is divided by i?
25
Let d = 2610 - 2608. Let u = 21 + 11. Suppose -3*h + 1 + u = 0. Calculate the remainder when h is divided by d.
1
Suppose -92 = -3*h - 5*x - 35, -3*h = -4*x - 84. What is the remainder when h is divided by (-212)/(-15) + (-2)/15?
10
What is the remainder when (-238)/((-76)/68 - (3 - 159/51)) is divided by 86?
66
Let j be (0 - 4/(-8))*-14. Let q(x) = -x**2 - 12*x - 21. What is the remainder when 80 is divided by q(j)?
10
Let k(o) = o**2 - o - 4. Let d be k(0). Let z(f) = 2*f**2 + 13*f + 40. Calculate the remainder when 217 is divided by z(d).
17
Suppose 846 = -2*u - u - v, 3*v + 1406 = -5*u. Let p = -243 - u. Calculate the remainder when 119 is divided by p.
39
Let f be ((-5504)/160)/(4/(-10) + 0). Let r = f - -3. What is the remainder when r is divided by 33?
23
Let i(p) = 2*p**2 - 10*p + 6. What is the remainder when (-13201)/(-301) - 3/(-21) is divided by i(6)?
8
Suppose 2*w - 3*w + 16 = 0. Calculate the remainder when 32/20*(-21905)/(-1348) is divided by w.
10
Let t = 2430 + -2267. What is the remainder when t is divided by 133?
30
Suppose -131*v + 145*v = 1512. Calculate the remainder when v is divided by 48.
12
Let d = 980 - 950. Suppose 342*l - 340*l - d = 0. What is the remainder when 328 is divided by l?
13
Suppose 251 = 5*p + 231. Suppose 0 = -p*l - 12*n + 8*n + 20, 5*n = l - 23. What is the remainder when 32 is divided by l?
0
Let o = 15108 + -15075. What is the remainder when 291 is divided by o?
27
Suppose -2*w - 13 = -3*t, 111*w - 107*w = -5*t + 29. Calculate the remainder when 453 is divided by t.
3
Let v(k) = 16*k**2 + 40*k - 4. Let i = 148 + -116. Calculate the remainder when v(-4) is divided by i.
28
Let i = 30775 - 30693. Let v be 30/12*2*1. Suppose d - u - 19 = 26, 4*u = -v*d + 198. Calculate the remainder when i is divided by d.
40
Suppose 0 = 6*z - 66 - 222. Suppose 8*n - 10*n + z = 0. Suppose -t + n + 72 = 0. What is the remainder when t is divided by 25?
21
Let d be 286/6 - 2/3. Suppose -z = -0*z - 2*u - 9, -d = -3*z + 2*u. Let f = 107916 - 107861. Calculate the remainder when f is divided by z.
17
Suppose 3*x - 6 = 0, 3*n - 3*x + 35 = 185. What is the remainder when n is divided by 2?
0
Suppose 0 = x + x - 80. Let p be (-6)/((-4)/(-1 + 3)). Calculate the remainder when x is divided by 7*p/12*4.
5
Let h = 732 + -679. Suppose -l + 47 = j, -4*l + 125 = 5*j - 63. Suppose -5*g + c + 39 = -11, -l = -3*g + 4*c. What is the remainder when h is divided by g?
8
Suppose -v - 496 = -5*r, 2*v - 4*r + 421 + 547 = 0. Let p = -320 - v. Calculate the remainder when p is divided by 56.
44
Let o = 3 + -3. Suppose o = 4*i - 2*j - 60 - 80, 5*j - 20 = 0. What is the remainder when 134 is divided by i?
23
Suppose -r = -1 - 4, -2*b + 273 = 3*r. Suppose 3*n + 2*n = 335. Let w = b - n. What is the remainder when w is divided by 16?
14
Suppose 3*c = -5*v + 2134, 4*c - 981 = -2*v - 133. Let j = 971 - v. What is the remainder when j is divided by 39?
36
Suppose -579 = -23*x + 1161 + 2009. Calculate the remainder when 343 is divided by x.
17
Let p(s) = s**3 + 19*s**2 - s - 17. Let b be p(-19). Suppose -b*v + 60 = 12. What is the remainder when 82 is divided by v?
10
Suppose 360*m - 12 = 354*m. Suppose 3*h - 537 = m*z, 3*z = -4*h + 343 + 356. What is the remainder when h is divided by 15?
12
Let x be -4*3/(-6)*4. Let l be x/(-10)*-2*(-20)/8. What is the remainder when 129 is divided by (6/4)/(l/(-88))?
30
Suppose f - 4 = 0, -1117 = -4*v - f + 1675. Calculate the remainder when v is divided by 34.
17
Let x(a) = 2*a**3 + 3*a**2 - 7*a - 8. Let s be x(-4). Let z be (7/14)/((-3)/s). Suppose z*v - 19 = 9*v. What is the remainder when 35 is divided by v?
16
Let l = -26453 + 26480. Calculate the remainder when 7798 is divided by l.
22
Let o = 5302 + -5245. Calculate the remainder when 507 is divided by o.
51
Let k = -1696 - -1705. What is the remainder when k is divided by 5?
4
Let i(o) = 4*o + 5. Let q be i(10). Suppose 47*j = q*j + 36. Let w(d) = -2*d + 73. Calculate the remainder when w(j) is divided by 19.
18
Let y(c) = -c**3 - 12*c**2 - 8*c + 90. What is the remainder when 184 is divided by y(-11)?
13
Calculate the remainder when 681 is divided by 5288/28 - 8/(-56).
114
Let x(w) = 2*w**3 + 6*w**2 + 3*w + 4. Let s be x(-4). Let b = s - -74. What is the remainder when 337 is divided by b?
31
Let d = -256 - -317. Suppose -17*g + 41 + 146 = 0. What is the remainder when d is divided by g?
6
Suppose 19*k - 3*g = 6136, -27*k + 29*k - 626 = -3*g. What is the remainder when 671 is divided by k?
27
Let d = 1159 + -600. What is the remainder when d is divided by -2 + 34 - 8/2?
27
Suppose 0 = 3*s + 3, 7*r - 11*r = -2*s - 5086. Calculate the remainder when r is divided by 49.
46
Let c(m) be the second derivative of 21*m**3/2 - 245*m**2/2 + 163*m. What is the remainder when c(6) is divided by 10?
3
Let w(j) = -j**3 + 19*j**2 + 44*j - 42. Let f be w(21). Suppose 0 = 2*b + q - 18, -b + q - 5*q + 16 = f. Calculate the remainder when 103 is divided by b.
7
Let d be 24/(-40) - 28/20. Let u(g) = -141*g - 15. What is the remainder when u(d) is divided by 9?
6
Suppose 312*d - 311*d = 4*s + 1728, -3*d - s + 5262 = 0. Calculate the remainder when d is divided by 45.
42
Suppose 0*q - 3*q = -4*b - 712, -2*b - q - 346 = 0. Let h = b + 200. Calculate the remainder when ((-67)/3)/((-1)/3) is divided by h.
17
Let d be ((-13)/(-26))/(2/(-108)). Let c = 15 - d. Calculate the remainder when 92 is divided by c.
8
Let j = -5120 - -6776. What is the remainder when j is divided by 7?
4
Let p(i) = -i**3 - i + 4. Let l be p(0). Suppose -l*r = 3*g + 117, -7*g = -2*g + 5*r + 200. Let b = g - -94. What is the remainder when b is divided by 15?
6
Let q(k) = 32*k**3 + k**2 - 2*k + 1. Let x be 160/36 - 152/342. Suppose i - x + 11 = -5*f, -80 = -5*i - 2*f. Calculate the remainder when q(1) is divided by i.
14
Suppose -9*x + 14*x = 1450. Calculate the remainder when x is divided by (442/39 + -11)*147.
45
Let n = -979 - -986. Suppose 31 = n*x - 88. Calculate the remainder when 33 is divided by x.
16
Suppose 21*f - 6299 + 2036 = 0. Let z = 40 + 11. Calculate the remainder when f is divided by z.
50
Let o(g) = 19*g - 86. Let x be (-3 - 5 - -9) + 5. What is the remainder when 132 is divided by o(x)?
20
Let s = -178 - -191. Suppose s*q = 12*q + 167. Calculate the remainder when q is divided by 56.
55
Let s(k) be the third derivative of -5*k**4/6 - 73*k**3/3 - 195*k**2 + k. Calculate the remainder when 269 is divided by s(-10).
53
Let k = -19 - -39. Suppose -7*z + 4*w - 16 = -4*z, 0 = -2*z - 6*w + 50. What is the remainder when k is divided by z?
